5 + 16. Let d = -96 + 107. Suppose 0 = -2*w + 3*w - d. Calculate the highest common divisor of w and c.
11
Suppose -4*y = -0*y. Suppose c - 69 = -y*c. Suppose 0 = 3*v - 2*w - 146, 56 - 52 = -w. Calculate the greatest common factor of c and v.
23
Let u(j) = 72*j + 288. Let n be u(-3). Calculate the highest common factor of n and 5904.
72
Let w(f) = f**3 + f**2 + 2*f + 17. Let g be w(4). Let x = -111 + 356. Calculate the greatest common divisor of x and g.
35
Let t(f) = 30*f + 74. Let s be t(-31). Let c = -618 - s. What is the greatest common divisor of 56 and c?
14
Let v(x) be the second derivative of x**4/4 - 5*x**3/3 + 3*x**2 - 5*x + 2. Let z be v(4). Calculate the highest common divisor of z and 8.
2
Suppose -z - 241 = -x - 3*z, 5*z + 679 = 3*x. Let q be (-4 - (3 - x/(-2)))*-2. What is the greatest common divisor of 19 and q?
19
Suppose 11*m - 10975 = -10502. Calculate the highest common divisor of m and 2537.
43
Let f(c) = -21*c - 201. Let s = 517 + -529. Let l be f(s). Calculate the highest common divisor of l and 561.
51
Let s(x) = -x**3 - 16*x**2 - 12*x + 52. Let t be s(-15). Suppose b = t*b - 132. Calculate the highest common divisor of b and 66.
22
Let s = -6 - -63. Let d be 176/(-132) - (-2 - 149/(-3)). Let x = 68 + d. Calculate the highest common factor of x and s.
19
Suppose 23*y - 24888 - 17216 = 10474. Calculate the highest common factor of 18 and y.
18
Let k(m) = -38*m + 117. Let y be k(3). Suppose 4*n = -y*r + 18, 2*r - 4*r = 4*n - 16. What is the highest common divisor of 58 and r?
2
Let y be ((-6072)/330)/(-1 + (-326)/(-330)). What is the greatest common divisor of 92 and y?
46
Let r = 48078 - 48070. Let h(i) be the first derivative of 15*i**2/2 - 2*i - 1. Let k be h(6). What is the greatest common divisor of k and r?
8
Let q(r) = -106*r - 5889. Let b be q(-57). Calculate the greatest common factor of b and 441.
9
Let z = 1794 + 3607. What is the highest common divisor of z and 11?
11
Let h(s) = 46 - 10*s - 4 + 16*s. Let n be h(10). What is the highest common factor of 153 and n?
51
Let r = -1124 + 1220. What is the greatest common divisor of 636 and r?
12
Suppose 14*c = 6*c + 152. Let m be 625/c - 36/(-342). Let h(z) = 14*z**2 + 2*z - 1. Let x be h(4). Calculate the greatest common divisor of m and x.
33
Suppose -4*x = 132 - 148. Let y be (-3)/(-24)*x - 94/(-4). What is the greatest common factor of 56 and y?
8
Let y = 549 + -465. Let q be y/56*3/((-9)/(-60)). Calculate the highest common factor of 18 and q.
6
Let h be (4/(-6))/(2/3). Let z be ((-30)/(-20))/(h/(-2)). Suppose 323 = 9*p + 215. Calculate the highest common divisor of z and p.
3
Let x(m) = 10*m**2 + 37*m + 26. Let y be x(-5). What is the greatest common factor of 133 and y?
7
Let z = -535 - -577. Suppose -27*i = -13*i - z. What is the greatest common factor of i and 6?
3
Suppose -118*d + 1261 = -38*d - 179. Let s be (32/6)/(4/36). What is the greatest common factor of s and d?
6
Let m(j) = j**2 + 21*j + 63. Let w be m(-13). Let k be -10 + 5 + w/2*-2. What is the highest common factor of k and 276?
12
Suppose -754 = -2*q - 5*w - 0*w, 3*q = 3*w + 1110. Calculate the greatest common factor of q and 228.
12
Suppose 0*d = -2*d + 8, 40 = i - d. Let t = 35 - i. Let s(o) = -2*o**2 - 18*o + 13. Let y be s(t). What is the highest common factor of 26 and y?
13
Suppose 4*u + 7*q + 3*q = 160, -q + 4 = 0. Calculate the highest common divisor of u and 1005.
15
Let p = -16641 - -17073. Calculate the highest common factor of 228 and p.
12
Let p(c) = -c. Let h be p(-1). Let b be (h/(-3))/((-2)/(-348)*-2). What is the highest common factor of 116 and b?
29
Suppose h - 124*o = -127*o + 129, 5*h - 4*o = 512. What is the highest common factor of 15 and h?
3
Suppose 210*f = 209*f + 35. Suppose -f*q = -13*q - 4862. Calculate the greatest common factor of q and 51.
17
Suppose 0 = -24*k + 1876 - 940. What is the greatest common factor of k and 5681?
13
Let q(j) = 2*j**2 + 119*j - 58. Let g be q(-60). Suppose 3 + 0 = t. Calculate the greatest common divisor of t and g.
1
Suppose -7*r + 2*r = -5, 3*r = 2*j + 195. Let g = 648 + j. What is the greatest common factor of 24 and g?
24
Let s = 88 + -11. What is the greatest common divisor of s and 13706?
77
Let a = 3978 + -3958. Calculate the greatest common factor of 46 and a.
2
Let p be 1/((-1)/(-8))*(-3036)/(-264). Suppose -4*o + y = -675, -p = -o + y + 76. What is the greatest common factor of o and 65?
13
Suppose 59 - 644 = 3*a - 4*u, 0 = -4*a + u - 767. Suppose 15*r - 47*r + 11861 = -2891. Let s = r + a. Calculate the highest common factor of s and 10.
10
Let r be (-4 - (250 + 1)) + 5. Let q be (4 - (-28)/(-10))/((-4)/r). What is the highest common divisor of 15 and q?
15
Suppose 2*g - 21 = -17. Suppose f + g*p = -5, 4*f - 5 = -f - 4*p. What is the highest common factor of 3 and f?
1
Let a(u) = 35*u + 357. Let s be a(-10). What is the highest common factor of 2723 and s?
7
Suppose -38*b + 31*b = -840. What is the highest common factor of b and 232?
8
Let p(l) = 81*l - 4. Let y be p(4). Let o be -80*((4620/50)/11 + -10). What is the greatest common divisor of y and o?
64
Let l(h) = -2*h**3 - 46*h**2 - 40*h + 93. Let z be l(-22). Suppose 5*a - 4*q = 6*a - 109, z*q = -2*a + 215. What is the highest common divisor of 45 and a?
15
Suppose -4*y + 29 = -0*y + 5*m, 5*m - 30 = -5*y. Let p be (24/(-36))/(y*(-3)/234). What is the highest common factor of 117 and p?
13
Let c be (22/10 - 3)/((-8)/20). Calculate the greatest common factor of c and 647.
1
Let v = -3485 - -3531. Calculate the greatest common divisor of v and 46.
46
Let k be (4 - -1)/(-10*4/(-3560)). Calculate the highest common divisor of 1 and k.
1
Let t(j) = j + 2. Let y(c) = -4 - 13*c + 0 + c**2 + 0 - 8. Let f be y(14). Let n be t(f). What is the greatest common factor of n and 1?
1
Let n(x) = 10*x**2 - 3*x - 3. Let o be n(-3). Suppose -68*h + 70*h - 32 = -2*u, -10*u + 116 = -h. Calculate the greatest common divisor of o and u.
12
Let o be 1/((-5154)/1716 + 6/2). Let g = 322 + o. Calculate the greatest common divisor of g and 18.
18
Let w(k) = -2*k + 18. Let d be w(6). Suppose -d*m + 0*m = 1848. Let n = 438 + m. Calculate the highest common factor of n and 26.
26
Let c(g) = g**3 + 10*g**2 - 5*g + 15. Let m be c(-10). Let r(x) = x**2 + x - 26. Let w be r(-13). Calculate the highest common divisor of w and m.
65
Let f be (386/(-5))/((-6)/45). Let k = 763 - f. Calculate the greatest common divisor of k and 56.
8
Let b(v) = 101*v - 2098. Let l be b(21). Calculate the highest common factor of l and 16721.
23
Suppose -78 = -s - l - 31, 0 = 2*s + l - 91. Let t(m) = 13*m + 25. Let n be t(-3). Let r = n + s. Calculate the greatest common divisor of 10 and r.
10
Suppose 8*d - 43 - 213 = 0. Suppose -2*w - 12 = c - d, -4*c = -2*w - 90. Suppose 80 - 960 = -5*v. Calculate the greatest common factor of c and v.
22
Suppose 3*c = -c + 8. Suppose 0 = -2*q - 5*s - 289, 2*q = -6*s + 4*s - 280. Let w = -135 - q. What is the greatest common factor of c and w?
2
Let r be (1*16/(-4))/(-2). Suppose 0 = -r*h - 5*f + 14, -3*h - 2*f - 6 = -8*h. What is the highest common divisor of 34 and h?
2
Suppose -4*m + 6*w - 5*w + 7 = 0, -4*w = 2*m + 10. Let f be (-199)/(-1) - (m - 7). Calculate the greatest common divisor of f and 328.
41
Suppose 8670 = 9*p + 8*p. Suppose 118 = -8*w + p. Calculate the highest common divisor of 91 and w.
7
Suppose -54*y + 53 = 3*g - 49*y, 3*y - 19 = -g. What is the greatest common divisor of 824 and g?
8
Suppose -13*m - 6*m = -3*m - 3136. What is the highest common factor of 546 and m?
14
Let c be (1 - -4) + (2 - 2). Suppose -6*w = c - 11. Let a(x) = -3*x - 5. Let j be a(-3). What is the highest common factor of j and w?
1
Let s be -16*-2*(14546/16 - -4). Suppose -63*k - 3579 = -s. Calculate the highest common factor of 22 and k.
11
Let y be 1*-18*156/(-208)*2. Let i be ((-1)/(-2))/(1/162). Calculate the greatest common factor of y and i.
27
Let x = 6326 - 6314. Calculate the highest common factor of x and 1284.
12
Let v(w) = 2*w**3 + 24*w**2 - 28*w + 5. Suppose 3*l + 41 = -0*l + m, l = 2*m - 17. Let c be v(l). What is the highest common divisor of c and 31?
31
Let r be (-133)/95*5*-1. Suppose r*n - 80 = -n. What is the greatest common divisor of 70 and n?
10
Suppose 14*o - 11*o - 60 = 